ands digit of s?
3
Let t(n) = 2*n**2 - 15*n + 42. Let f be t(5). Suppose f*u + 965 = 22*u. What is the tens digit of u?
9
Let y(t) = 16*t - 2. Let b be y(4). Let a be b - ((-3)/(-1) + -5). Suppose 5*s = 444 - a. What is the tens digit of s?
7
Let q = -46655 - -67186. What is the tens digit of q?
3
Let f = 741 + -449. What is the hundreds digit of f?
2
Let l be (3/(-1))/(-3 - 88/(-30)). Let h = l - 26. What is the units digit of h?
9
Suppose -2*m + 5*g = -9840, 0 = -2*m + m + 2*g + 4920. Suppose 24*o - m = -6*o. What is the hundreds digit of o?
1
What is the tens digit of 10 - (3 + 2) - -6292?
9
Suppose 14*i = 15*i - 20. Suppose i*t - 14599 = -679. What is the units digit of t?
6
What is the units digit of (-576936)/(-21) + (-20)/(-1 - -141)?
3
Let h(i) = 1. Let r(o) = 162*o - 2. Let q(c) = 4*h(c) + r(c). Let z(k) = k - 5. Let j be z(6). What is the units digit of q(j)?
4
Let d(z) = -130*z**3 + 12*z**2 + 55*z + 233. What is the units digit of d(-8)?
1
Let m = -105 - -95. Let p(r) = -r**3 - 11*r**2 - 12*r - 17. Let t be p(m). Suppose 4*s - j - 676 = 0, 2*s - 328 = -0*s + t*j. What is the units digit of s?
0
Suppose 174*a - 305118 = 141*a. What is the hundreds digit of a?
2
Let c(m) = m**2 + 51*m + 8. Let s be c(-18). Let o = 990 + s. What is the hundreds digit of o?
4
Let r be ((-5)/4 + 2)/(2/56). Let g(y) = r - 4*y + 28 + 31 - 3. What is the units digit of g(0)?
7
Let y = 75690 - 50910. What is the ten thousands digit of y?
2
Suppose 12 = -31*u + 34*u. Suppose -w = 5*y - 2250 - 4103, 5082 = u*y + w. What is the tens digit of y?
7
Suppose j + 3*m = -0*m - 7, -4*j + m = -24. Suppose 4*b - j + 40 = 3*h, 3*h + 4*b = -5. What is the units digit of ((-642)/(-30) - 1)*h/1?
2
Suppose -759217 + 192402 = -69*g + 77645. What is the tens digit of g?
4
Let h(o) = 4*o**3 - 17*o**2 + 16*o - 9. Let v be h(7). Suppose q - 5*f = v, 4*q - 7*q = -4*f - 1981. What is the tens digit of q?
6
Let o = -67 - -67. Let b be (-3)/9*o - 15. What is the tens digit of b/(-10)*(-1312)/(-12)?
6
Let l be ((-9)/(-3))/(4/(-420)). Let h = l - -644. What is the units digit of h?
9
Let l = 9190 + -2106. What is the thousands digit of l?
7
Suppose 3*s = -2*j + 3202, 5*s - 3*j - 2*j - 5295 = 0. Suppose s = -18*g + 26*g. What is the tens digit of g?
3
Let y(o) = -7*o**3 - 3*o**2 - 7*o + 180. Let b(r) = 8*r**3 + 3*r**2 + 8*r - 180. Let n(k) = 6*b(k) + 7*y(k). What is the tens digit of n(0)?
8
Let t = 77124 + -35328. What is the thousands digit of t?
1
Let q(s) = 1116*s - 1147. What is the units digit of q(13)?
1
Let i(k) = -6*k**3 - 3*k**2 - 5*k + 5. Let w be i(-7). Suppose -x + 5*x - a - w = 0, a = x - 484. What is the hundreds digit of x?
4
Suppose -2*i = 2*c - 9330, -i = -5*c - 2820 - 1839. What is the tens digit of i?
6
Suppose 0*l - l = 3. Let h(z) = -73*z - 5. Let s be h(l). Suppose -5*t = -s - 251. What is the units digit of t?
3
Suppose -3*m + 2488 = 4*g, -5*g + 2*m + 3083 = -m. Let b = -443 + g. What is the hundreds digit of b?
1
Suppose -2*u + 13*v + 7079 = 18*v, 3*v + 7087 = 2*u. Let r = u + -1489. What is the hundreds digit of r?
0
Suppose 25*h - 17 - 33 = 0. Suppose -2*v = 2*f - 1098, h*v + 5*f = 5*v - 1631. What is the tens digit of v?
4
Let u(v) = v**2 - 30*v + 12. What is the units digit of u(-5)?
7
What is the tens digit of (2387/(-77))/(1/(1*-2 + -313))?
6
Let h = -132 + 2637. Suppose -10*v + h = -2155. What is the tens digit of v?
6
Let s be (3 + 759/(-198))/(1/6). Let f(r) = -5*r - r + 2*r - 19. What is the units digit of f(s)?
1
Suppose -5*g = -4*z - 46475, 3*g - 29005 + 1120 = -5*z. What is the thousands digit of g?
9
Let v = -4186 - -7374. Let w = 4518 - v. What is the thousands digit of w?
1
Suppose -12*v = -36956 + 11252. What is the tens digit of v/56*(7 + -3)?
5
Let i = -29 + 23. Suppose 4*b - 158 + 62 = 0. What is the tens digit of (i/2 - (-60)/b)*-302?
5
Suppose 0 = 6*x - 3*x - 6. Suppose 5*l - 807 = x*l. What is the units digit of l?
9
Suppose -4*r = 2*c + 6, c - 15 = -58*r + 62*r. Suppose -c*n + 1795 = 11*q - 6*q, 0 = -2*q + 3*n + 718. What is the tens digit of q?
5
Let h(x) = 208*x**2 - 42*x + 134. What is the thousands digit of h(3)?
1
Suppose 0 = -18*u + 19*u - 15. Let p(y) = 2*y**2 - 25*y - 43. Let o(n) = -n**2 + 13*n + 22. Let h(s) = 11*o(s) + 6*p(s). What is the hundreds digit of h(u)?
1
Suppose -15 = -5*s, 4*h + 41717 = -5*s + 107520. What is the ten thousands digit of h?
1
Let t(o) be the first derivative of 117*o**2 + 48*o + 54. What is the units digit of t(2)?
6
Suppose -2*i + 13*t - 11*t + 164 = 0, i + 4*t - 77 = 0. Suppose i*w - 7128 = 73*w. What is the units digit of w?
1
Suppose -h + 1 = 2*i, -2 + 1 = -5*i - 3*h. Suppose -2*b - i*p + 720 = -674, -713 = -b - 5*p. Suppose -5*w = 2*w - b. What is the tens digit of w?
9
Let b be (610080/(-4))/(-8) + -3. Suppose -100*h + b = -82*h. What is the units digit of h?
9
What is the units digit of (-3)/((-6)/21956) + (-34)/((-136)/12)?
1
Let s(c) = 22*c**3 - 4*c**2 + 1 + 2 + 2*c**2 - 2. Let o be s(-1). Let b = o + 53. What is the units digit of b?
0
Let p(w) = w**2 - 14*w + 29. Let n be p(14). Suppose -3*m + n = -2*m. Suppose 25*o + 160 = m*o. What is the tens digit of o?
4
Suppose 1156999 = 199*c + 32*c + 8*c. What is the units digit of c?
1
Suppose -2*b + 396 = 2*t, -14*b + 17*b - t - 586 = 0. What is the hundreds digit of b?
1
Suppose 24600 = 2*m + 2*f, -5*m + 61515 = 6*f - 4*f. What is the units digit of m?
5
Let r = 850 + -313. Let j = 1066 - r. What is the units digit of j?
9
Suppose -3*a + 57333 = -p, -a + 19119 = -22*p + 23*p. What is the tens digit of a?
1
Let i(y) = y**2 + 6*y + 12. Let t be i(-2). Suppose -t*x - 939 = -2635. What is the hundreds digit of x?
4
Suppose 0 = 298*c - 165*c - 4021787. What is the tens digit of c?
3
Suppose 17850 = 5*y + 5*u, -4*y + 4*u = -15579 + 1275. What is the units digit of y?
3
Let u be (-5 + -5)/(-3 + (-3386)/(-1130)). Suppose 78*d + u = 83*d. What is the units digit of d?
5
Suppose -2*g - 3*g + 6702 = -3*r, 0 = -3*g + 5*r + 4034. Suppose 2*i + 2*f - 524 = -0*i, -2*f = -5*i + g. Let u = i - 129. What is the tens digit of u?
3
Suppose 6*j + 203 = 209. What is the tens digit of (-10)/20*(-54)/j?
2
Suppose 2*i = 106*z - 109*z + 175521, -2*i - 175497 = -3*z. What is the thousands digit of z?
8
Let k(u) be the first derivative of -30*u - 7/2*u**2 - 2. What is the units digit of k(-13)?
1
Let s = 204 + -125. Let h = s - 51. Let y = -24 + h. What is the units digit of y?
4
Let d = 94 + -89. Suppose 0 = 3*j - 3, -d*j - 395 = 3*r - 64. Let n = r + 205. What is the units digit of n?
3
Let w(q) = -103*q - 190. Let x(n) = -105*n - 189. Let i(d) = 3*w(d) - 4*x(d). What is the units digit of i(5)?
1
Suppose -3*j - 8921 - 14728 = -3*b, 4*j - 23698 = -3*b. What is the tens digit of b?
9
Let a(o) = -12 + 3*o - 5 - 13. Suppose -12*u = -16*u + 52. What is the units digit of a(u)?
9
Let z = -1243 - -845. Let c = z - -566. What is the hundreds digit of c?
1
Let f be 986/(-4) + 12/24. Let y = 365 + f. Let r = y - 29. What is the tens digit of r?
9
Let x(u) = 17*u**2 - 2*u - 1. Let z be x(6). Suppose -2*i = -s - z - 390, 5*s - 15 = 0. What is the units digit of i?
6
Suppose 0 = 56*y + 561884 - 2467060. What is the hundreds digit of y?
0
Suppose 3*p = 3*j + 15, 2*p + 3*p - 3*j - 19 = 0. What is the units digit of (46/(-6))/(p*(-1)/180)?
0
Suppose 3*o = -i - 6, 4*o = 7*i - 11*i - 64. Let z(u) = -12*u + 7*u - 19*u - u**2 - 19. What is the units digit of z(i)?
4
Suppose 26*q = 4*q + q. Suppose 19*t - 12*t - 7644 = q. What is the units digit of t?
2
Let g(k) = k - 3. Let a be g(-5). Let j(b) = -9*b**2 + 22 + 18*b + 2*b - 4*b + 23*b**2 - 10*b**2. What is the hundreds digit of j(a)?
1
Let d be (-5)/4*(-8)/(-12)*-6. Suppose 2*u - 3*u + 5*j = -850, d*u - 2*j = 4158. What is the hundreds digit of u?
8
Let g = -85 + 94. Suppose 4*z = -4*w + 124, -4*z = -g*z + 4*w + 164. What is the tens digit of (-8)/z + (-1162)/(-8)?
4
Let c(y) = 5*y**3 - 383*y**2 - 40*y - 51. What is the thousands digit of c(77)?
8
Let l(c) = -c**2 - 113*c - 1542. What is the thousands digit of l(-44)?
1
Suppose -7*z + z = -336. Suppose -6*s + 2*s + z = 0. Suppose 427 = s*d - 259. What is the tens digit of d?
4
Suppose 27*j - 148231 = 317287 - 14672. What is the thousands digit of j?
6
Let n(c) = -205*c - 1689. What is t